et q be 1/(-5) - (-369)/n. Suppose -q + 0 = -s. What is the units digit of s?
8
Let h be (12/14)/((-1)/(-21)). Suppose -5*o + h - 3 = 0. Suppose -o*p + 9 + 48 = 0. What is the tens digit of p?
1
Suppose 3*w - c = 304, 3*w + 3*c - 7*c - 316 = 0. Suppose -w = 2*j - 4*j. What is the tens digit of j?
5
Suppose 3*z - 16 = 4*j, -2*j + 5*z - 6*z = -2. What is the hundreds digit of 223 - (1 + j - -1)?
2
Let y(i) = -i**2 - 38*i + 12. What is the hundreds digit of y(-31)?
2
Suppose -2*y = 5*l + 285 + 354, -2*l = y + 255. Let w = l - -235. What is the tens digit of w?
0
Let u(k) = -k**3 - k**2 + 3*k - 23. Let p(z) = 3*z**3 + 4*z**2 - 9*z + 68. Let a(b) = 4*p(b) + 11*u(b). What is the units digit of a(-6)?
1
Suppose -38 = -3*j + 2*p, 4*j - 66 = -2*p - 3*p. Suppose -10*o + j*o = 136. What is the units digit of (-4)/8*o*-1?
7
Let r = -26 + 41. What is the tens digit of r?
1
Suppose 1066 = 8*n - 678. Suppose i - 5*u = -3*i + n, 3*u = 6. Suppose -2*m = -161 + i. What is the units digit of m?
2
Suppose 0*u = -u - 91. Let i = 133 + u. What is the units digit of i?
2
Let r(y) = -4*y + 4. Let c(v) be the first derivative of 8*v**2 - 17*v + 1. Let s(k) = 2*c(k) + 9*r(k). What is the tens digit of s(-2)?
1
Let g = -4 - -6. Suppose r = -0*r + g. Suppose a = -r*a + 39. What is the tens digit of a?
1
Let l(k) be the first derivative of 6*k**2 + 19*k + 10. What is the hundreds digit of l(14)?
1
Let z(i) = 9 - i**3 - 5 - 3*i + 9 + 8*i**2. What is the tens digit of z(4)?
6
Suppose 3*u - 1026 = -0*u. Suppose -4*c + 656 = -4*z + 3*z, 0 = 2*c + 3*z - u. What is the units digit of (c/(-25))/((-1)/5)?
3
Let q(x) be the first derivative of x**2 + 28*x + 10. What is the units digit of q(0)?
8
Suppose 3*a - 7 = -b - 0*b, 0 = 3*b - 2*a - 10. Suppose 728 = 4*s - i, -b*i - 16 + 0 = 0. What is the units digit of s?
1
Let y(b) = b**2 + 3*b - 4. Suppose -17 = 4*i + 11. Let q be y(i). What is the tens digit of (q/15 - 1)*45?
2
Suppose -200 = 5*j - 6*j. Suppose 3*s - 228 = -3*f, -f + 89 + j = 4*s. What is the tens digit of s?
7
Let i be -6*(3/2 + -2). Suppose q - 11 = 2*u - 3*u, 3*q - i*u - 27 = 0. What is the units digit of q?
0
Let s(d) = d**2 - 30*d + 19. Let c be s(9). Let u = c + 306. What is the units digit of u?
6
Let v(z) = 3*z - 2. Let n(j) = j + 1. Let a(c) = -5*n(c) - 5*v(c). Let h be a(-19). Suppose 11*l - 4*l = h. What is the tens digit of l?
5
Suppose 22 = 4*z + 2. Suppose -z*j + 5*c = -0*c - 1135, -j = c - 221. What is the units digit of j?
4
Let a(l) = l + 1. Suppose -b + 3*d - 2 = 0, -1 = b + 2*d - 4. Let w be a(b). What is the units digit of 208/w*(-5)/(-10)?
2
Let m = -553 - -1023. What is the hundreds digit of m?
4
Let x = 31 - 16. Let z(f) = -x*f - 4*f + 2*f + 2. What is the units digit of z(-1)?
9
Suppose 0 = 6*m - 121 + 1501. Let s = -145 - m. What is the units digit of s?
5
Let h(g) = 2*g + 7. Let v(w) = 1. Let y(f) = -h(f) + 3*v(f). Let n(b) = -b**2 + 4*b + 1. Let d be n(5). What is the units digit of y(d)?
4
Let s be (-22)/(-2)*-1*-1. Let t = s + -11. Suppose j - 5*q = -9, -3*j + 1 = -q - t*q. What is the units digit of j?
1
Let j(c) = -4*c - 7*c - 4*c**2 - 3*c + c**3 + 3*c + 7. What is the tens digit of j(6)?
1
Let v = -368 + 1511. What is the units digit of v?
3
Let c = -1571 - -2533. What is the units digit of c?
2
Let y(r) = 48*r**2 + 3. What is the units digit of y(-2)?
5
Let w(i) = -42*i**2 + i + 4. Let m(o) = 43*o**2 - o - 5. Let n(g) = -4*m(g) - 5*w(g). What is the units digit of n(-2)?
4
Let w(i) = i**3 - 20*i**2 + 16*i + 20. Let m be w(19). Let b = m - -102. What is the units digit of b?
5
Let b(t) = 3*t**2 - 12*t + 19. Let q(y) = y**3 - 4*y**2 - 6*y + 13. Let m be q(5). What is the tens digit of b(m)?
1
Let a(z) = z**3 - 3*z**2 - 3*z + 9. Let k be a(6). Suppose -t - 17 - 52 = 0. Let s = k + t. What is the tens digit of s?
3
What is the hundreds digit of 49252/70 + (8/(-10))/(-2)?
7
Let l be 47 - (-2 - -1) - 2. Let h be (-216)/(-162) - 2/(-3). Suppose 3*q - 67 = -2*v, 0 = -h*v + 3*q + l + 3. What is the units digit of v?
9
Let s be ((-8)/(-3))/(24/1980). Suppose 4*j - s = g, -3*j - g - g + 176 = 0. What is the tens digit of j?
5
Suppose 13*u - 1086 = 4777. What is the units digit of u?
1
Let c = 11 - 9. Suppose v + c = -4. What is the units digit of (-12)/(-8)*(-44)/v?
1
Let v(l) = -33*l + 1 - 31*l**3 + 102*l - 36*l - 31*l. What is the units digit of v(-1)?
0
Let p = 152 - -52. Suppose 16*u - p = 12*u. What is the tens digit of u?
5
Suppose 17 = 3*t + 2. Let r(z) = 56*z + 10. Let p be r(4). Suppose -2*n = -4*w + 3*n + p, -t*n = -w + 51. What is the tens digit of w?
6
Let q be -1 + -1 - (324 - 6)*-1. Let f = q - 121. What is the hundreds digit of f?
1
Let j = -3331 + 5641. What is the tens digit of j?
1
Suppose -3*j + 43 = 4*n, -7 = -4*n - 2*j + 39. Let z = -26 + 42. Let c = z - n. What is the units digit of c?
3
Suppose 195463 = 69*n - 208049. What is the tens digit of n?
4
Suppose -60*v = -104*v + 24816. What is the tens digit of v?
6
Let n = 326 + -161. What is the tens digit of n?
6
Suppose -s + 1584 = 5*p + 456, -3*s + 3435 = -2*p. What is the thousands digit of s?
1
Let q be -9*(-2 + 16/6). Let x = 6 + q. Suppose -i - 2*i + 69 = x. What is the tens digit of i?
2
What is the units digit of (12/(-10) - 0)*(-4731060)/1044?
8
Let b(h) = h**3 - 6*h**2 + 2*h - 8. Let z be b(6). Let l be 168/35 + (-24)/30. Suppose -2*c - l = -4*w, 0*w - 4*w - z*c = -16. What is the units digit of w?
2
Let g(p) = p**2 + 14*p + 18. Let h be g(-13). Suppose -6*f + 469 = -h. What is the tens digit of f?
7
Suppose 2 = 23*p - 1769. What is the tens digit of p?
7
Suppose -3 = 249*r - 252*r. What is the units digit of r?
1
Suppose 11011 = 38*n - 6545. What is the hundreds digit of n?
4
Let f(t) = t**3 - 6*t**2 + t + 7. Suppose 4*g - 10 = -4*r + 3*r, 2*r + g = 13. Let i be f(r). Suppose 14*d = i*d + 3. What is the units digit of d?
3
Let i = 46 + 14. Suppose -i + 36 = -b. What is the units digit of b?
4
Suppose 0 = -4*k + w - 6, 0 = -4*k - 4*w + 8*w. What is the units digit of (0 + -22)*k/4?
1
Let q(d) = 6*d + 13. Suppose 20*v + 20 = 24*v. What is the tens digit of q(v)?
4
Let f = -25 - -42. Let b = f + -25. What is the units digit of (66 - 1) + b + 8?
5
Let g be 63/12 - 2/8. Let i = 3 + g. Suppose 0*w - i = -4*w. What is the units digit of w?
2
Let q(j) = 2*j + 29. Let b be q(10). What is the tens digit of b + ((-24)/(-2))/3?
5
Let q = 623 + 16. What is the units digit of q?
9
Let w be ((-118)/(-1))/(0 - -2). Suppose -2*y = -y + 20. Let h = w + y. What is the units digit of h?
9
Let q(m) = -24*m + 5. Let p(b) = -24*b + 4. Let a(h) = -3*p(h) + 2*q(h). What is the tens digit of a(1)?
2
Let a(n) be the second derivative of -1/2*n**2 + 5*n + 0 - 1/12*n**4 + 3/2*n**3. What is the units digit of a(6)?
7
Let j(b) = -b. Suppose 4 = 4*k, -3 = -3*x + 7*x - 3*k. Let o be j(x). Suppose 40 = 4*y - 2*w, 5*y - 4*w + 2*w - 49 = o. What is the units digit of y?
9
Let o(x) = 5*x**2 - 124*x - 2. What is the tens digit of o(-15)?
8
Let o(x) = -x**3 + x**2 + 3*x + 3. What is the hundreds digit of o(-7)?
3
Let i(z) = -7*z + 0*z**2 + 3*z**2 - z**3 - 11*z**2 + 8 + 2*z**3. Let h be i(9). Suppose 0 = 2*q - 38 - h. What is the tens digit of q?
3
Suppose 0 = 3*j - 4*y - 1012, -5*y - 1171 = 5*j - 2881. What is the tens digit of j?
4
Suppose 260 = q - 57. Suppose -3*x + 244 = -0*p - p, 4*x - 3*p = q. What is the tens digit of x?
8
Let s(g) = -15*g - 167. What is the units digit of s(-40)?
3
Let i(w) = 9*w + 12. Let x be i(-13). Let t = x - -181. What is the tens digit of t?
7
Let y(f) = f**2 + 10*f + 24. Let g be y(-6). What is the units digit of 0 - (g - -3)*-1?
3
Suppose c = 16 + 9. Suppose -c = -5*x - 0*x. Suppose -112 = x*y - 322. What is the tens digit of y?
4
Suppose 2*g - 2 = -2*p, 4*g + 3 = -p - 2. Suppose -p*j + 3*m + m + 626 = 0, -3*m = -3. What is the tens digit of j?
1
Let m(t) = -t**3 - 8*t**2 - 8*t - 9. Let p be m(-7). Let u(c) = -3*c + 4*c + 3*c + 6*c**2 + 2*c**2 + 3. What is the units digit of u(p)?
7
Suppose 0*m - 12 = -3*l + 3*m, -l - 3*m + 4 = 0. Suppose -129 = -l*h + 3*h. What is the hundreds digit of h?
1
Let j be (-12)/8*(4 - 2). What is the units digit of 16/2*(-3)/j?
8
Let d = -1561 - -2246. What is the hundreds digit of d?
6
Let a = 90 + -69. Let j = 3 - 0. Suppose 4*r + a = j*